{"id":156,"date":"2019-07-17T10:04:20","date_gmt":"2019-07-17T08:04:20","guid":{"rendered":"http:\/\/mas-imprevu.fr\/?page_id=156"},"modified":"2025-12-12T22:15:58","modified_gmt":"2025-12-12T21:15:58","slug":"nos-produits","status":"publish","type":"page","link":"https:\/\/mas-imprevu.fr\/index.php\/nos-produits\/","title":{"rendered":"La boutique"},"content":{"rendered":"\n<p>C&#8217;est une huile d\u2019olive vierge extra issue de nos vergers de Picholines, d\u2019Olivi\u00e8res et de Verdales. Une production modeste car nous ne n&#8217;utilisons pas d&#8217;engrais et agents chimiques sur nos oliviers, ils produisent naturellement et nous encourageons au maximum la biodiversit\u00e9 sur notre domaine (plantation de haie, prairie, enherbement, paillage, abris chiropt\u00e8res, nichoirs&#8230;).<\/p>\n\n\n\n<p>Les fruits sont r\u00e9colt\u00e9s \u00e0 la main et notre jus d\u2019olive est non filtr\u00e9 pour garder toutes les qualit\u00e9s d&#8217;un produit naturel. R\u00e9colte 2024<\/p>\n\n\n\n<p class=\"has-text-align-left\"><strong>Cuv\u00e9e B\u00e9rardy : <\/strong>huile d&#8217;olive issue d&#8217;un m\u00e9lange de vari\u00e9t\u00e9s avec une grande proportion de Clermontaise (80 %). La Clermontaise est une vari\u00e9t\u00e9 locale, elle donne une huile d&#8217;une grande onctuosit\u00e9 sans amertume et sans ardence; convient parfaitement pour les nouveaux consommateurs d&#8217;huile d&#8217;olive. <br><strong>Bouteille ambr\u00e9e en 75 cl : 13,00 \u20ac &#8211; <\/strong><a href=\"https:\/\/mas-imprevu.fr\/index.php\/cvg\/?preview_id=71&amp;preview_nonce=011cc9f7ad&amp;preview=true\">frais de port non compris voir CGV.<\/a><\/p>\n\n\n\n<p><strong>Cuv\u00e9e Argenteille : <\/strong>huile d&#8217;olive issue d&#8217;un m\u00e9lange de vari\u00e9t\u00e9s locales Picholines, Olivi\u00e8res, Clermontaise. C&#8217;est un fruit\u00e9 m\u00fbr qui pr\u00e9sente une faible amertume et un piquant moyen.<br><strong>Bouteille ambr\u00e9e en 75 cl : 13,00 \u20ac <\/strong>&#8211; <a href=\"https:\/\/mas-imprevu.fr\/index.php\/cvg\/?preview_id=71&amp;preview_nonce=011cc9f7ad&amp;preview=true\">frais de port non compris voir CGV<\/a>.<\/p>\n\n\n\n<p>Sur r\u00e9servation nos huiles sont aussi disponibles en <strong>bouteilles de 50 cl<\/strong>.<\/p>\n\n\n\n<p class=\"has-text-align-left\"><strong>Points de vente et livraisons<\/strong><br>Livraison gratuite sous conditions sur Montpellier, P\u00e9zenas, B\u00e9ziers. <br>Au Mas sur simple appel t\u00e9l\u00e9phonique pour s\u2019entendre sur un espace horaire de r\u00e9ception. <br>Pour tout autre envoi en France et en Europe service Colissimo \/ Mondial Relay.<br><\/p>\n\n\n\n<p class=\"has-text-align-left\">Vous souhaitez un renseignement, passer une commande ?<\/p>\n\n\n\n<p class=\"has-text-align-left\"><strong>Contact : 06 87 57 55 70<\/strong><br>M<strong>essagerie : mdi@gmx.fr.<\/strong><\/p>\n","protected":false},"excerpt":{"rendered":"<p>C&#8217;est une huile d\u2019olive vierge extra issue de nos vergers de Picholines, d\u2019Olivi\u00e8res et de Verdales. Une production modeste car nous ne n&#8217;utilisons pas d&#8217;engrais et agents chimiques sur nos oliviers, ils produisent naturellement et nous encourageons au maximum la biodiversit\u00e9 sur notre domaine (plantation de haie, prairie, enherbement, paillage, abris chiropt\u00e8res, nichoirs&#8230;). Les fruits&hellip; <br \/> <a class=\"button small blue\" href=\"https:\/\/mas-imprevu.fr\/index.php\/nos-produits\/\">Read more<\/a><\/p>\n","protected":false},"author":1,"featured_media":0,"parent":0,"menu_order":0,"comment_status":"closed","ping_status":"closed","template":"","meta":{"footnotes":""},"class_list":["post-156","page","type-page","status-publish","hentry"],"yoast_head":"<!-- This site is optimized with the Yoast SEO plugin v27.5 - https:\/\/yoast.com\/product\/yoast-seo-wordpress\/ -->\n<title>La boutique &#060; Mas l&#039;Impr\u00e9vu<\/title>\n<meta name=\"robots\" content=\"index, follow, max-snippet:-1, max-image-preview:large, max-video-preview:-1\" \/>\n<link rel=\"canonical\" href=\"https:\/\/mas-imprevu.fr\/index.php\/nos-produits\/\" \/>\n<meta property=\"og:locale\" content=\"en_US\" \/>\n<meta property=\"og:type\" content=\"article\" \/>\n<meta property=\"og:title\" content=\"La boutique &#060; Mas l&#039;Impr\u00e9vu\" \/>\n<meta property=\"og:description\" content=\"C&#8217;est une huile d\u2019olive vierge extra issue de nos vergers de Picholines, d\u2019Olivi\u00e8res et de Verdales. Une production modeste car nous ne n&#8217;utilisons pas d&#8217;engrais et agents chimiques sur nos oliviers, ils produisent naturellement et nous encourageons au maximum la biodiversit\u00e9 sur notre domaine (plantation de haie, prairie, enherbement, paillage, abris chiropt\u00e8res, nichoirs&#8230;). Les fruits&hellip; Read more\" \/>\n<meta property=\"og:url\" content=\"https:\/\/mas-imprevu.fr\/index.php\/nos-produits\/\" \/>\n<meta property=\"og:site_name\" content=\"Mas l&#039;Impr\u00e9vu\" \/>\n<meta property=\"article:modified_time\" content=\"2025-12-12T21:15:58+00:00\" \/>\n<meta name=\"twitter:card\" content=\"summary_large_image\" \/>\n<meta name=\"twitter:label1\" content=\"Est. reading time\" \/>\n\t<meta name=\"twitter:data1\" content=\"2 minutes\" \/>\n<script type=\"application\/ld+json\" class=\"yoast-schema-graph\">{\"@context\":\"https:\\\/\\\/schema.org\",\"@graph\":[{\"@type\":\"WebPage\",\"@id\":\"https:\\\/\\\/mas-imprevu.fr\\\/index.php\\\/nos-produits\\\/\",\"url\":\"https:\\\/\\\/mas-imprevu.fr\\\/index.php\\\/nos-produits\\\/\",\"name\":\"La boutique &#060; Mas l&#039;Impr\u00e9vu\",\"isPartOf\":{\"@id\":\"https:\\\/\\\/mas-imprevu.fr\\\/#website\"},\"datePublished\":\"2019-07-17T08:04:20+00:00\",\"dateModified\":\"2025-12-12T21:15:58+00:00\",\"breadcrumb\":{\"@id\":\"https:\\\/\\\/mas-imprevu.fr\\\/index.php\\\/nos-produits\\\/#breadcrumb\"},\"inLanguage\":\"en-US\",\"potentialAction\":[{\"@type\":\"ReadAction\",\"target\":[\"https:\\\/\\\/mas-imprevu.fr\\\/index.php\\\/nos-produits\\\/\"]}]},{\"@type\":\"BreadcrumbList\",\"@id\":\"https:\\\/\\\/mas-imprevu.fr\\\/index.php\\\/nos-produits\\\/#breadcrumb\",\"itemListElement\":[{\"@type\":\"ListItem\",\"position\":1,\"name\":\"Accueil\",\"item\":\"https:\\\/\\\/mas-imprevu.fr\\\/\"},{\"@type\":\"ListItem\",\"position\":2,\"name\":\"La boutique\"}]},{\"@type\":\"WebSite\",\"@id\":\"https:\\\/\\\/mas-imprevu.fr\\\/#website\",\"url\":\"https:\\\/\\\/mas-imprevu.fr\\\/\",\"name\":\"Mas l'Impr\u00e9vu - Producteur d'huile d'olive\",\"description\":\"Producteur d&#039;huile d&#039;olive\",\"potentialAction\":[{\"@type\":\"SearchAction\",\"target\":{\"@type\":\"EntryPoint\",\"urlTemplate\":\"https:\\\/\\\/mas-imprevu.fr\\\/?s={search_term_string}\"},\"query-input\":{\"@type\":\"PropertyValueSpecification\",\"valueRequired\":true,\"valueName\":\"search_term_string\"}}],\"inLanguage\":\"en-US\"}]}<\/script>\n<!-- \/ Yoast SEO plugin. -->","yoast_head_json":{"title":"La boutique &#060; Mas l&#039;Impr\u00e9vu","robots":{"index":"index","follow":"follow","max-snippet":"max-snippet:-1","max-image-preview":"max-image-preview:large","max-video-preview":"max-video-preview:-1"},"canonical":"https:\/\/mas-imprevu.fr\/index.php\/nos-produits\/","og_locale":"en_US","og_type":"article","og_title":"La boutique &#060; Mas l&#039;Impr\u00e9vu","og_description":"C&#8217;est une huile d\u2019olive vierge extra issue de nos vergers de Picholines, d\u2019Olivi\u00e8res et de Verdales. Une production modeste car nous ne n&#8217;utilisons pas d&#8217;engrais et agents chimiques sur nos oliviers, ils produisent naturellement et nous encourageons au maximum la biodiversit\u00e9 sur notre domaine (plantation de haie, prairie, enherbement, paillage, abris chiropt\u00e8res, nichoirs&#8230;). Les fruits&hellip; Read more","og_url":"https:\/\/mas-imprevu.fr\/index.php\/nos-produits\/","og_site_name":"Mas l&#039;Impr\u00e9vu","article_modified_time":"2025-12-12T21:15:58+00:00","twitter_card":"summary_large_image","twitter_misc":{"Est. reading time":"2 minutes"},"schema":{"@context":"https:\/\/schema.org","@graph":[{"@type":"WebPage","@id":"https:\/\/mas-imprevu.fr\/index.php\/nos-produits\/","url":"https:\/\/mas-imprevu.fr\/index.php\/nos-produits\/","name":"La boutique &#060; Mas l&#039;Impr\u00e9vu","isPartOf":{"@id":"https:\/\/mas-imprevu.fr\/#website"},"datePublished":"2019-07-17T08:04:20+00:00","dateModified":"2025-12-12T21:15:58+00:00","breadcrumb":{"@id":"https:\/\/mas-imprevu.fr\/index.php\/nos-produits\/#breadcrumb"},"inLanguage":"en-US","potentialAction":[{"@type":"ReadAction","target":["https:\/\/mas-imprevu.fr\/index.php\/nos-produits\/"]}]},{"@type":"BreadcrumbList","@id":"https:\/\/mas-imprevu.fr\/index.php\/nos-produits\/#breadcrumb","itemListElement":[{"@type":"ListItem","position":1,"name":"Accueil","item":"https:\/\/mas-imprevu.fr\/"},{"@type":"ListItem","position":2,"name":"La boutique"}]},{"@type":"WebSite","@id":"https:\/\/mas-imprevu.fr\/#website","url":"https:\/\/mas-imprevu.fr\/","name":"Mas l'Impr\u00e9vu - Producteur d'huile d'olive","description":"Producteur d&#039;huile d&#039;olive","potentialAction":[{"@type":"SearchAction","target":{"@type":"EntryPoint","urlTemplate":"https:\/\/mas-imprevu.fr\/?s={search_term_string}"},"query-input":{"@type":"PropertyValueSpecification","valueRequired":true,"valueName":"search_term_string"}}],"inLanguage":"en-US"}]}},"_links":{"self":[{"href":"https:\/\/mas-imprevu.fr\/index.php\/wp-json\/wp\/v2\/pages\/156","targetHints":{"allow":["GET"]}}],"collection":[{"href":"https:\/\/mas-imprevu.fr\/index.php\/wp-json\/wp\/v2\/pages"}],"about":[{"href":"https:\/\/mas-imprevu.fr\/index.php\/wp-json\/wp\/v2\/types\/page"}],"author":[{"embeddable":true,"href":"https:\/\/mas-imprevu.fr\/index.php\/wp-json\/wp\/v2\/users\/1"}],"replies":[{"embeddable":true,"href":"https:\/\/mas-imprevu.fr\/index.php\/wp-json\/wp\/v2\/comments?post=156"}],"version-history":[{"count":62,"href":"https:\/\/mas-imprevu.fr\/index.php\/wp-json\/wp\/v2\/pages\/156\/revisions"}],"predecessor-version":[{"id":584,"href":"https:\/\/mas-imprevu.fr\/index.php\/wp-json\/wp\/v2\/pages\/156\/revisions\/584"}],"wp:attachment":[{"href":"https:\/\/mas-imprevu.fr\/index.php\/wp-json\/wp\/v2\/media?parent=156"}],"curies":[{"name":"wp","href":"https:\/\/api.w.org\/{rel}","templated":true}]}}